er when 673791 is divided by 358.
35
Calculate the remainder when 88684947 is divided by 4024.
11
Calculate the remainder when 209670 is divided by 43.
2
Calculate the remainder when 80189 is divided by 677.
303
Calculate the remainder when 10716897 is divided by 261.
237
What is the remainder when 183226036 is divided by 67?
64
Calculate the remainder when 1256321 is divided by 35.
31
What is the remainder when 1510233 is divided by 4764?
45
What is the remainder when 28506 is divided by 28293?
213
Calculate the remainder when 1177983 is divided by 52.
27
What is the remainder when 12471761 is divided by 6235871?
19
What is the remainder when 245755235 is divided by 894?
893
Calculate the remainder when 577115 is divided by 445.
395
What is the remainder when 524423 is divided by 273?
263
What is the remainder when 4950178 is divided by 206?
204
What is the remainder when 925210 is divided by 54391?
563
What is the remainder when 13738175 is divided by 576?
575
What is the remainder when 20873877 is divided by 13?
11
What is the remainder when 41007820 is divided by 355?
350
What is the remainder when 2456175 is divided by 37787?
20
Calculate the remainder when 30484896 is divided by 25.
21
Calculate the remainder when 10064733 is divided by 1118295.
78
What is the remainder when 978836 is divided by 326274?
14
Calculate the remainder when 288054 is divided by 7485.
3624
What is the remainder when 10275 is divided by 822?
411
Calculate the remainder when 375052 is divided by 10743.
9790
What is the remainder when 1592102 is divided by 412?
134
Calculate the remainder when 1816379 is divided by 4055.
3794
What is the remainder when 8595474 is divided by 297?
294
What is the remainder when 164324 is divided by 498?
482
What is the remainder when 24186 is divided by 3377?
547
Calculate the remainder when 21169489 is divided by 4233888.
49
Calculate the remainder when 21723108 is divided by 10861487.
134
Calculate the remainder when 4041755 is divided by 367426.
69
What is the remainder when 37863 is divided by 8089?
5507
What is the remainder when 530703 is divided by 951?
45
Calculate the remainder when 2950356 is divided by 555.
531
What is the remainder when 1751118 is divided by 72963?
6
Calculate the remainder when 418778 is divided by 2576.
1466
What is the remainder when 3477747 is divided by 10?
7
What is the remainder when 5643307 is divided by 1128654?
37
What is the remainder when 96377084 is divided by 93208?
12
What is the remainder when 35662427 is divided by 2228899?
43
What is the remainder when 537316 is divided by 313?
208
What is the remainder when 229042 is divided by 1905?
442
Calculate the remainder when 535829 is divided by 2380.
329
What is the remainder when 425136 is divided by 3349?
3162
What is the remainder when 2177641 is divided by 217723?
411
Calculate the remainder when 835005 is divided by 426.
45
Calculate the remainder when 375312 is divided by 4202.
1334
Calculate the remainder when 1743118 is divided by 158442.
256
What is the remainder when 39972661 is divided by 67?
59
Calculate the remainder when 120652251 is divided by 152.
123
Calculate the remainder when 2156346 is divided by 911.
9
Calculate the remainder when 4583491 is divided by 4583482.
9
Calculate the remainder when 3102548 is divided by 1500.
548
Calculate the remainder when 556446 is divided by 60.
6
What is the remainder when 16207799 is divided by 27?
23
What is the remainder when 212288446 is divided by 56?
6
What is the remainder when 4729975 is divided by 1182477?
67
What is the remainder when 2622353 is divided by 520?
513
What is the remainder when 725371 is divided by 362189?
993
What is the remainder when 42397906 is divided by 8479581?
1
What is the remainder when 45270849 is divided by 15090259?
72
What is the remainder when 30687136 is divided by 413?
410
Calculate the remainder when 2171748 is divided by 8842.
5458
What is the remainder when 4483754 is divided by 37?
20
Calculate the remainder when 1466725 is divided by 48.
37
What is the remainder when 198271 is divided by 4332?
3331
Calculate the remainder when 14474678 is divided by 110.
108
Calculate the remainder when 5945324 is divided by 41.
37
What is the remainder when 21855 is divided by 67?
13
What is the remainder when 6408569 is divided by 36620?
69
What is the remainder when 34747427 is divided by 771?
770
What is the remainder when 46988229 is divided by 1466?
1463
Calculate the remainder when 362822 is divided by 362809.
13
Calculate the remainder when 987399 is divided by 431.
409
What is the remainder when 784062 is divided by 9508?
4406
Calculate the remainder when 800554 is divided by 386.
376
Calculate the remainder when 5661970 is divided by 2371.
22
What is the remainder when 19581881 is divided by 73?
69
What is the remainder when 3453972 is divided by 3225?
3222
Calculate the remainder when 44050 is divided by 21922.
206
What is the remainder when 2297695 is divided by 480?
415
What is the remainder when 10478660 is divided by 119?
115
Calculate the remainder when 3418348 is divided by 21.
10
Calculate the remainder when 954445 is divided by 238608.
13
What is the remainder when 90730 is divided by 3489?
16
Calculate the remainder when 143085 is divided by 4918.
463
Calculate the remainder when 216495 is divided by 43296.
15
Calculate the remainder when 37099007 is divided by 64.
63
Calculate the remainder when 5844227 is divided by 235.
12
Calculate the remainder when 17801113 is divided by 2578.
23
Calculate the remainder when 160035667 is divided by 98302.
11
Calculate the remainder when 6286033 is divided by 1571466.
169
What is the remainder when 1905620 is divided by 952803?
14
What is the remainder when 17264231 is divided by 1542?
1541
Calculate the remainder when 71268 is divided by 10095.
603
What is the remainder when 9621038 is divided by 271?
267
Calculate the remainder when 3823622 is divided by 8205.
92
Calculate the remainder when 2493340 is divided by 15111.
25
Calculate the remainder when 25667 is divided by 12768.
131
Calculate the remainder when 52410844 is divided by 138653.
10
What is the remainder when 159354698 is divided by 1328?
10
What is the remainder when 1911 is divided by 265?
56
What is the remainder when 203654763 is divided by 76?
71
What is the remainder when 308870 is divided by 308510?
360
Calculate the remainder when 78339449 is divided by 323.
321
Calculate the remainder when 45410 is divided by 1609.
358
Calculate the remainder when 807955 is divided by 161588.
15
Calculate the remainder when 1125739 is divided by 640.
619
What is the remainder when 30209 is divided by 81?
77
Calculate the remainder when 8529988 is divided by 2843323.
19
Calculate the remainder when 262597 is divided by 4560.
2677
What is the remainder when 109865739 is divided by 71?
55
Calculate the remainder when 269613 is divided by 233.
32
Calculate the remainder when 1305181 is divided by 300.
181
What is the remainder when 23214996 is divided by 1297?
1290
What is the remainder when 49470484 is divided by 21?
7
What is the remainder when 59453 is divided by 14809?
217
Calculate the remainder when 1022391 is divided by 54.
9
What is the remainder when 3432043 is divided by 86?
41
What is the remainder when 22400601 is divided by 1135?
241
Calculate the remainder when 65433175 is divided by 2373.
73
What is the remainder when 60901251 is divided by 347?
322
What is the remainder when 4196786 is divided by 349732?
2
Calculate the remainder when 199035 is divided by 11036.
387
Calculate the remainder when 1178500 is divided by 1584.
4
What is the remainder when 146895799 is divided by 7660?
7639
Calculate the remainder when 3058328 is divided by 764536.
184
Calculate the remainder when 16472784 is divided by 8236392.
0
What is the remainder when 94250 is divided by 31146?
812
Calculate the remainder when 244999347 is divided by 1041.
1038
Calculate the remainder when 1924417 is divided by 2056.
1
What is the remainder when 90272 is divided by 5616?
416
What is the remainder when 1217897 is divided by 1776?
1337
Calculate the remainder when 91325 is divided by 187.
69
Calculate the remainder when 1016644 is divided by 1015347.
1297
Calculate th